{"id":1531,"date":"2008-04-26T17:29:20","date_gmt":"2008-04-26T15:29:20","guid":{"rendered":"https:\/\/jotrash.info\/magavenue\/blog\/?page_id=2"},"modified":"2008-04-26T17:29:20","modified_gmt":"2008-04-26T15:29:20","slug":"a-propos","status":"publish","type":"page","link":"https:\/\/www.magavenue.com\/blog\/a-propos\/","title":{"rendered":"Pourquoi ce site"},"content":{"rendered":"<p>Le blog MagAvenue est n\u00e9 d&rsquo;un constat : de nos jours, <strong>si vous n&rsquo;\u00eates pas un sp\u00e9cialiste en informatique, obtenir une boutique en ligne (e-commerce) fonctionnelle et productive s&rsquo;av\u00e8re \u00eatre une t\u00e2che extr\u00eamement difficile.<\/strong><br \/>\nEn effet, si vous \u00eates par exemple un petit commer\u00e7ant ou un artisan, avec peu de moyens ou de temps \u00e0\u00a0 consacrer \u00e0\u00a0 votre site, vous devrez passer par un processus tr\u00e8s long et compliqu\u00e9 avant d&rsquo;obtenir une boutique en ligne satisfaisante.<br \/>\nActuellement <strong>trois solutions s&rsquo;offrent \u00e0\u00a0 vous<\/strong> :<\/p>\n<ol>\n<li>Faire appel \u00e0\u00a0 un professionnel : la boutique pourra \u00eatre cr\u00e9\u00e9e rapidement et il pourra vous donner de bons conseils, mais le co\u00fbt est \u00e9lev\u00e9 et chaque modification demandera l&rsquo;intervention de celui-ci et donc une facturation. De plus, si le professionnel cesse son activit\u00e9, il est extr\u00eamement compliqu\u00e9 de faire modifier son programme par un autre.<\/li>\n<li>Utiliser un syst\u00e8me de location de boutique (Zlio, Powerboutique) : cette solution est souvent peu on\u00e9reuse et rapide \u00e0\u00a0 mettre en place. Mais vous devenez enti\u00e8rement d\u00e9pendant de la soci\u00e9t\u00e9 pour toute \u00e9volution du produit. Et la p\u00e9rennit\u00e9 de celle-ci est un param\u00e8tre important \u00e0\u00a0 prendre en compte pour le choix final. De plus, toute modification ou personnalisation non standard entraine des co\u00fbts extr\u00eamement \u00e9lev\u00e9s se rapprochant de la premi\u00e8re solution.<\/li>\n<li>Utiliser un logiciel Open-Source (Prestashop, Magento&#8230;) : le co\u00fbt est r\u00e9duit voir nul. Vous n&rsquo;\u00eates pas d\u00e9pendant d&rsquo;une soci\u00e9t\u00e9 mais d&rsquo;importantes communaut\u00e9s d&rsquo;utilisateurs font \u00e9voluer ces produits. La boutique pourra \u00eatre enti\u00e8rement \u00e0\u00a0 votre image et les modifications illimit\u00e9es.<\/li>\n<\/ol>\n<p><strong>Le logiciel Open Source, semble donc \u00eatre la meilleure solution. Seule ombre au tableau, c&rsquo;est \u00e0\u00a0 vous d&rsquo;installer votre boutique, ce qui peut vous paraitre fastidieux, mais ce blog est l\u00e0\u00a0 pour vous aider dans cette mise en place.<\/strong><br \/>\nPar le biais d&rsquo;articles de fond et de vid\u00e9os, vous serez guid\u00e9, de l&rsquo;installation \u00e0\u00a0 la gestion en passant par la personnalisation de votre boutique en ligne, et tous les sujets seront abord\u00e9s.<br \/>\nR\u00e9guli\u00e8rement, nous publierons des dossiers regroupant plusieurs articles, et vos commentaires ou suggestions les concernant.<br \/>\nSi ce blog vous plait, que vous avez la plume alerte et que vous aimeriez voir publier un ou plusieurs de vos articles, n&rsquo;h\u00e9sitez pas <a title=\"Contactez-nous\" href=\"https:\/\/www.magavenue.com\/fr\/nous-contacter\" target=\"_self\" rel=\"noopener noreferrer\">\u00e0\u00a0 nous contacter<\/a>.<\/p>\n","protected":false},"excerpt":{"rendered":"<p>Le blog MagAvenue est n\u00e9 d&rsquo;un constat : de nos jours, si vous n&rsquo;\u00eates pas un sp\u00e9cialiste en informatique, obtenir une boutique en ligne (e-commerce) fonctionnelle et productive s&rsquo;av\u00e8re \u00eatre une t\u00e2che extr\u00eamement difficile. En effet, si vous \u00eates par exemple un petit commer\u00e7ant ou un artisan, avec peu de moyens ou de temps \u00e0\u00a0&hellip;&nbsp;<a href=\"https:\/\/www.magavenue.com\/blog\/a-propos\/\" class=\"\" rel=\"bookmark\">Lire la suite &raquo;<span class=\"screen-reader-text\">Pourquoi ce site<\/span><\/a><\/p>\n","protected":false},"author":2,"featured_media":0,"parent":0,"menu_order":0,"comment_status":"open","ping_status":"open","template":"","meta":[],"yoast_head":"<!-- This site is optimized with the Yoast SEO plugin v15.7 - https:\/\/yoast.com\/wordpress\/plugins\/seo\/ -->\n<title>Pourquoi ce site - Magavenue : Le Blog du ecommerce Open-source<\/title>\n<meta name=\"robots\" content=\"index, follow, max-snippet:-1, max-image-preview:large, max-video-preview:-1\" \/>\n<link rel=\"canonical\" href=\"https:\/\/www.magavenue.com\/blog\/a-propos\/\" \/>\n<meta property=\"og:locale\" content=\"fr_FR\" \/>\n<meta property=\"og:type\" content=\"article\" \/>\n<meta property=\"og:title\" content=\"Pourquoi ce site - Magavenue : Le Blog du ecommerce Open-source\" \/>\n<meta property=\"og:description\" content=\"Le blog MagAvenue est n\u00e9 d&rsquo;un constat : de nos jours, si vous n&rsquo;\u00eates pas un sp\u00e9cialiste en informatique, obtenir une boutique en ligne (e-commerce) fonctionnelle et productive s&rsquo;av\u00e8re \u00eatre une t\u00e2che extr\u00eamement difficile. En effet, si vous \u00eates par exemple un petit commer\u00e7ant ou un artisan, avec peu de moyens ou de temps \u00e0\u00a0&hellip;&nbsp;Lire la suite &raquo;Pourquoi ce site\" \/>\n<meta property=\"og:url\" content=\"https:\/\/www.magavenue.com\/blog\/a-propos\/\" \/>\n<meta property=\"og:site_name\" content=\"Magavenue : Le Blog du ecommerce Open-source\" \/>\n<meta property=\"article:publisher\" content=\"https:\/\/www.facebook.com\/magavenue\/\" \/>\n<meta name=\"twitter:card\" content=\"summary_large_image\" \/>\n<meta name=\"twitter:site\" content=\"@Magavenue\" \/>\n<meta name=\"twitter:label1\" content=\"Dur\u00e9e de lecture est.\">\n\t<meta name=\"twitter:data1\" content=\"2 minutes\">\n<script type=\"application\/ld+json\" class=\"yoast-schema-graph\">{\"@context\":\"https:\/\/schema.org\",\"@graph\":[{\"@type\":\"WebSite\",\"@id\":\"https:\/\/www.magavenue.com\/blog\/#website\",\"url\":\"https:\/\/www.magavenue.com\/blog\/\",\"name\":\"Magavenue : Le Blog du ecommerce Open-source\",\"description\":\"\",\"potentialAction\":[{\"@type\":\"SearchAction\",\"target\":\"https:\/\/www.magavenue.com\/blog\/?s={search_term_string}\",\"query-input\":\"required name=search_term_string\"}],\"inLanguage\":\"fr-FR\"},{\"@type\":\"WebPage\",\"@id\":\"https:\/\/www.magavenue.com\/blog\/a-propos\/#webpage\",\"url\":\"https:\/\/www.magavenue.com\/blog\/a-propos\/\",\"name\":\"Pourquoi ce site - Magavenue : Le Blog du ecommerce Open-source\",\"isPartOf\":{\"@id\":\"https:\/\/www.magavenue.com\/blog\/#website\"},\"datePublished\":\"2008-04-26T15:29:20+00:00\",\"dateModified\":\"2008-04-26T15:29:20+00:00\",\"inLanguage\":\"fr-FR\",\"potentialAction\":[{\"@type\":\"ReadAction\",\"target\":[\"https:\/\/www.magavenue.com\/blog\/a-propos\/\"]}]},{\"@type\":\"Person\",\"@id\":\"https:\/\/www.magavenue.com\/blog\/#\/schema\/person\/583c008caa8ac9ecf5994ed089fffbad\",\"name\":\"Magavenue\",\"image\":{\"@type\":\"ImageObject\",\"@id\":\"https:\/\/www.magavenue.com\/blog\/#personlogo\",\"inLanguage\":\"fr-FR\",\"url\":\"https:\/\/secure.gravatar.com\/avatar\/5eaa47e1e657a76ab2fb0f045063b303?s=96&d=mm&r=g\",\"caption\":\"Magavenue\"}}]}<\/script>\n<!-- \/ Yoast SEO plugin. -->","_links":{"self":[{"href":"https:\/\/www.magavenue.com\/blog\/wp-json\/wp\/v2\/pages\/1531"}],"collection":[{"href":"https:\/\/www.magavenue.com\/blog\/wp-json\/wp\/v2\/pages"}],"about":[{"href":"https:\/\/www.magavenue.com\/blog\/wp-json\/wp\/v2\/types\/page"}],"author":[{"embeddable":true,"href":"https:\/\/www.magavenue.com\/blog\/wp-json\/wp\/v2\/users\/2"}],"replies":[{"embeddable":true,"href":"https:\/\/www.magavenue.com\/blog\/wp-json\/wp\/v2\/comments?post=1531"}],"version-history":[{"count":0,"href":"https:\/\/www.magavenue.com\/blog\/wp-json\/wp\/v2\/pages\/1531\/revisions"}],"wp:attachment":[{"href":"https:\/\/www.magavenue.com\/blog\/wp-json\/wp\/v2\/media?parent=1531"}],"curies":[{"name":"wp","href":"https:\/\/api.w.org\/{rel}","templated":true}]}}